housands digit of j?
5
Let y(p) = 12720*p**2 + 51*p - 108. What is the tens digit of y(2)?
7
Let n(j) = -j**3 + 7*j**2 - 7*j + 8. Let q be n(6). Let k(m) = 473*m**2 - 7*m + 12. What is the thousands digit of k(q)?
1
Suppose 0 = 2*u + m, u + 2*m + 12 = 3*u. Suppose -28 = 4*z - 4*c, 3*z - u*c + 0*c = -24. Let x(s) = 4*s**2 + 9*s - 45. What is the tens digit of x(z)?
6
Let k(n) = 525*n**2 - 5*n - 1. Let g = 247 - 248. What is the hundreds digit of k(g)?
5
Let q(a) = a**2 + 5*a - 9*a + 6 + 0*a**2 + 8. Let y be q(4). Suppose -t + y = 5*x - 77, 3*x - 5*t - 77 = 0. What is the units digit of x?
9
Suppose 4*g = 5*b - 143754, -1339*g = -b - 1344*g + 28716. What is the ten thousands digit of b?
2
Let v(f) = -368*f + 34. Let m be v(-2). Suppose -4*d = -2*d + 3*n - m, 5*d = 3*n + 1904. What is the units digit of d?
2
Let u = 9543 - -21722. What is the tens digit of u?
6
Let g = 205 + -149. What is the units digit of (-26096)/g*(2*-1)/2?
6
Let v(k) = 292*k**3 - 11*k**2 + 31*k - 2. What is the thousands digit of v(3)?
7
Suppose -4*x = -5*q + 18, -16*x = -11*x + 10. Suppose 5*v + 3*n = 8*n + 485, q*n - 418 = -4*v. What is the units digit of v?
2
Let k(x) = 91*x**2 - 19*x - 1. Let t be k(4). Suppose 2*s = 5*f + t, 3*s - 4*f = -3*f + 2101. What is the tens digit of s?
0
What is the units digit of (-144466)/(-16) + (-24)/192?
9
Let w = -284 + 266. Let o(m) = m**2 + m + 146. What is the units digit of o(w)?
2
What is the hundreds digit of 9*((-9)/45 - 114880/(-150))?
8
Suppose 268 = -51*r + 52*r + 2*q, 4*r - 1039 = 3*q. Let x = 2137 - r. What is the thousands digit of x?
1
Let u be (-2)/(-8) - (-3235)/20. Suppose -2*j = -j - u. Suppose 0 = -5*w - x + j, 5*x - 138 = -w - 3*w. What is the units digit of w?
2
Let q(m) = -5*m**3 - 6*m**2 - 4*m - 9. Suppose -10*w + 8*w - 10 = 0. Let b be q(w). Suppose z + 1 = -3, -5*s + b = -4*z. What is the tens digit of s?
9
Let r(q) = 18*q - 1. Let z(x) = -1 + 1 - 17*x + 8*x. Let m(u) = -2*r(u) - 5*z(u). What is the tens digit of m(2)?
2
What is the tens digit of ((137241/18)/(-13))/((-12)/24)?
7
Suppose 0 = -5*w + 6*w - 1, r - 4*w = -191. Let a = r - -389. Suppose 0*d + 2*d - a = 0. What is the tens digit of d?
0
Let s(l) = -8*l - 173. Let f be s(-25). Suppose -f*t = -22*t - 3650. What is the tens digit of t?
3
Suppose -10*a + 13668 - 59388 = 0. What is the tens digit of a/24*(-1 - 1)?
8
What is the tens digit of (8 + -4)*(-80)/64 - -1648?
4
Suppose 2*q = 4*r + 62, -5 = 4*r + 5*q + 50. Let z(a) = -a**3 - 14*a**2 + 17*a - 24. Let u be z(r). What is the tens digit of u*(10/4 + -3)?
2
Let u = -18 + 177. Suppose -y - 28 = -u. What is the tens digit of y?
3
Suppose 0*c - 5*l - 155 = -c, 2*c - 5*l = 290. Let n be (4 - 5) + -3 - c. What is the tens digit of 2*(-10 - n)*1/6?
4
Suppose 2*a = 6*a + i - 2, 0 = 2*i - 4. Suppose l - 5*w - 194 = a, 5*w - 193 - 533 = -4*l. What is the tens digit of l?
8
What is the thousands digit of (-64)/8 + 25112 + -5 + -2?
5
Suppose 0 = -14*v + 54974 + 184258. What is the units digit of v?
8
Suppose 4*r = 4346 + 3278. Suppose 2*x = -4*b + r, x = -b + 4*b - 1417. What is the tens digit of b?
7
Let q(b) = 150*b**2 - 177*b - 1. What is the thousands digit of q(-5)?
4
Let k = 4985 + -915. What is the hundreds digit of k?
0
Let l be (-8)/(-16)*2/(-3)*-3. What is the tens digit of (-4)/(-10) - (3424/(-40) - l)?
8
Let f = 2418 + 6579. What is the tens digit of f?
9
Let u(r) = 15*r - 81. Let q be u(15). Suppose q = g - 5*l, -3*g + 5*l = -7*g + 626. What is the units digit of g?
4
Let i(k) be the first derivative of 23*k**5/120 + 8*k**4/3 - 4*k**3 - 33. Let u(b) be the third derivative of i(b). What is the hundreds digit of u(7)?
2
Let q(d) = -d**2 - 4*d - 2. Let i be q(-2). Suppose i*z + 14 = 6. Let c(t) = -15*t - 5. What is the tens digit of c(z)?
5
What is the hundreds digit of (3 + 20 + 1669)/((-4)/(-82))?
6
Let k(c) = c**3 + 4*c**2 - 12*c - 9. Let q be k(-5). Let x(u) = -u**3 - 3*u**2 + 4*u + 4. Let h be x(-4). What is the units digit of (h - 1)*q/6?
3
Let d(r) = -r**2 + r - 1. Let c(x) = -x**3 + 21*x**2 - 4*x + 42. Let j(i) = -c(i) - 2*d(i). Let w be j(19). What is the tens digit of -2*254*w/8?
2
Let z = 16472 - -23729. What is the thousands digit of z?
0
Suppose 4*r + 12 = -0*r, 5*z - 4*r = 467. Let s(m) = -28 + 36*m - z*m + 38*m. What is the units digit of s(-5)?
7
Let j = 6077 + -1463. What is the hundreds digit of j?
6
Let i = -94 - 359. Let a = i + 1060. What is the tens digit of a?
0
Let j(o) = -8*o - 130. Let w(c) = 7*c + 128. Let q(n) = 4*j(n) + 5*w(n). What is the hundreds digit of q(0)?
1
Suppose 4*v = -20, 5*k - 23552 = k + 4*v. What is the hundreds digit of k?
8
Suppose 5*n + 40016 = -2*b + 121608, -2*b - 8 = 0. What is the thousands digit of n?
6
Suppose -6*k + 1414 + 4136 = 0. Let o = k - 118. What is the tens digit of o?
0
Suppose 4*z - 52492 = -4*m, -3*z + 24826 = -8*m - 14543. What is the units digit of z?
3
Let d = 30695 + -19690. What is the ten thousands digit of d?
1
Suppose -149 = 2*m - 3*o, 3*m + 325 = -4*o + 59. Let x = m - -88. Suppose -d = 4 - x. What is the units digit of d?
2
Let d(g) be the first derivative of -8 - 1/3*g**3 + 13/2*g**2 - 2*g. What is the tens digit of d(9)?
3
Let k(b) = b**3 + 5*b**2 + 2*b - 4. Let q be k(-4). Suppose -2*x - q*i = -22, 47 = 2*x - 4*i + 1. Suppose -307 = -5*c - x. What is the units digit of c?
8
Suppose 11*s + 0*s - 22 = 0. Suppose 2*k - 498 = -4*w, -4*k = -2*w - s*w - 1020. What is the units digit of k?
3
Suppose 608 + 17 = 5*d. Let j be ((-150)/d)/(3/(-20)). Suppose 0 = 4*x - j*x + 88. What is the units digit of x?
2
Let v(t) = 194*t - 3442. What is the thousands digit of v(38)?
3
Let b(n) = n**3 - 8*n**2 + 15*n + 16. Let g(w) = w**2 - 15*w + 55. Let q be g(11). What is the hundreds digit of b(q)?
5
Let m be 160/12*(-48)/(-20). Let z = -30 + m. What is the tens digit of -46*(3 + (z - (-52)/(-8)))?
6
Let m(l) = 45*l + 3. Let f be m(5). Suppose 3533 = 6*y + 3845. Let o = f + y. What is the hundreds digit of o?
1
Suppose -5*j + 2161 = -2464. Suppose -265 = 2*t - j. Suppose 5*g = 3*k + t, -5*g + k + 448 = 118. What is the tens digit of g?
6
Let z be (9/180*7624)/(2/5). Let b = -546 + z. What is the tens digit of b?
0
Suppose -p = -q - 1, -4*q - p = -0 + 29. Let z be -2 + q/(-3) + -91. Let j = z - -133. What is the units digit of j?
2
Suppose 2*d - 4*o + 8 = -d, -2*d + 4*o - 4 = 0. Let u be 1*(-4 - d - 0). Suppose 2*r - 150 = -u*r. What is the units digit of r?
5
Let y(t) be the third derivative of 665*t**4/24 + t**3 + 5*t**2. Let d be y(-3). What is the units digit of 4/14 - d/21?
5
Let p(u) = -3530*u**3 - 4*u**2 - 4*u - 1. Let c be p(-1). Suppose 5*r = 8*r - 4*q - 3524, 0 = 3*r - 5*q - c. What is the tens digit of r?
6
Let z be 8/20*5*3. What is the units digit of (0 + -73)/((-1)/z + 0)?
8
What is the thousands digit of 270/(-1890) + 172530/7?
4
Let k be 7967/3 - (-1)/3. Suppose 0*u + k = -8*u. What is the units digit of (-6)/18 - (u/6 + 1)?
4
Let l = 17122 - 8278. What is the units digit of l?
4
Suppose -247*t = -5*s - 245*t + 11502, -9202 = -4*s + 2*t. What is the units digit of s?
0
Let y be (-3 - (8 - 9))*((-285)/(-2) - 1). Let s(l) = 8*l**3 - 4*l**2 + l + 2. Let n be s(4). Let i = n + y. What is the units digit of i?
1
Let x(g) = 325*g - 76. Let i be x(10). Suppose -3*b + i = -3*m + 21, -b + 1081 = 5*m. What is the units digit of b?
6
Suppose -t + 5*t + 64 = 0. Let i be -2*(4 + t + 4). Suppose 2*b + 4*q = i, -2*b + 5*q = -0*b - 52. What is the tens digit of b?
1
Let v be (21/63)/((-1)/3). Let h(r) be the second derivative of 26*r**4/3 + r**3/2 + 2*r**2 + 24*r. What is the units digit of h(v)?
5
Suppose 890*h - 894*h + 8 = 0. What is the units digit of ((-3 - h)*1)/((-2)/26)?
5
Let y = 313 + -198. Let r(i) = -4*i - 27. Let p be r(5). Let w = y + p. What is the tens digit of w?
6
What is the thousands digit of (16/20)/((-12)/(-17610))?
1
Let c(r) = r - 12. Let f be c(27). Suppose -25*n = -f*n - 8760. What is the tens digit of n?
7
Let m(b) = 557*b**2 + 53*b + 100. What is the units digit of m(-2)?
2
Suppose -95*p + 85*p + 17960 = 0. What is the thousands digit of p?
1
Suppose 5*u - 13 = -d - 2, 1 = u - d. Suppose -z + 5*t = -3, u*t = z + t - 3. Suppose 176 = z*f - f. What is the tens digit of f?
8
Let b(a) = a**3 - 5*a**2 - 13*a - 14. Let x b